(z) = 19*z**3 - 4 - 5*z**2 - 16*z**3 - 2*z**3. Let x be (-2)/5 + 62/5. Suppose -x = -u - 3*b + 1, 3*u - 15 = -b. What is r(u)?
-20
Let f(o) = -631*o**3 + 4*o + 36*o**2 - 5*o - 18 + 633*o**3. Let a be f(-18). Let z(l) = -l**3 - l**2 + l. What is z(a)?
0
Suppose 57*o - 392 = 113*o. Let t(y) = 10*y**2 + 7*y + 14*y**2 - 23*y**2 + 8. Determine t(o).
8
Let m(c) = -c + 12. Suppose -5*s = -3*g - 14, -s - s + 3*g + 2 = 0. Suppose 0 = -2*t - s + 28. Calculate m(t).
0
Let u(d) be the second derivative of -d**3/2 - 27*d**2/2 + 10*d. Let i be u(-7). Let j be (0 + 0)/(i - -9). Let y(z) = -z**3 + z**2 + z - 13. Give y(j).
-13
Let v(o) be the third derivative of -1/360*o**6 + 3*o**2 + 1/24*o**5 - 11/6*o**3 + 0 + 0*o + 3/8*o**4. Let r(g) be the first derivative of v(g). Give r(7).
-5
Let n(t) be the third derivative of -t**5/4 - t**4/8 + t**3/2 - 1442*t**2. Determine n(1).
-15
Let h be (-5 + 1 - -6)/((-4)/(-6)). Let n(b) = -4*b - 4. Let o(v) = -3*v + 16. Let m be o(6). Let w(i) = -5*i - 5. Let t(g) = h*n(g) + m*w(g). Give t(-2).
2
Let j(i) = i**3 - 31*i**2 + 30*i - 11. Let s = -7719 + 7749. What is j(s)?
-11
Let q(k) = -167*k - 494. Let m be q(-3). Let z(y) = -3*y + 14. Give z(m).
-7
Let f(a) be the first derivative of 1/3*a**3 + 35 - 7*a + 0*a**2 - 1/4*a**4. Determine f(0).
-7
Let q(s) = -s**2 - 5*s + 6. Let o(b) = -b. Let g(w) = -o(w) + q(w). Give g(-7).
-15
Let d(g) be the first derivative of g**5/15 - g**4/4 + 32*g**3/3 - 11. Let o(c) be the third derivative of d(c). What is o(4)?
26
Let s(r) = -r**2 - 6*r + 6. Suppose 13*y + 1499 - 1421 = 0. Calculate s(y).
6
Let g(r) = -r**3 - 6*r**2 - 6*r - 4. Suppose 0 - 16 = 2*b - 3*s, 2*b + 16 = 4*s. Let u(y) = y**3 + 9*y**2 + y - 11. Let x be u(b). Let v = x - 49. What is g(v)?
-12
Let z(b) = b**3 + 7*b**2 + 14*b + 22. Let x(a) = -a**3 + 4*a**2 - 5. Let n be x(2). Suppose 15 = -4*y + 5*h, 0*h = 3*h + n. What is z(y)?
2
Let y = -13342 + 13365. Let c(n) = -3*n + 91. Calculate c(y).
22
Let l(q) be the first derivative of -q**4/4 - 3*q**3 + q + 817. What is l(-9)?
1
Let l(a) = a**3 - 11*a**2 - a + 1. Let d = 393 - 388. Let r = d - -6. Determine l(r).
-10
Let l(h) = -3*h**2 + 2*h + 5. Suppose -62*z + 70*z - 32 = 0. Suppose -4 = -0*o - z*o - 2*s, 4*o - 8 = -s. Give l(o).
-16
Suppose 12*l = 33*l + 147. Let b(o) be the second derivative of o**3/6 + 13*o**2/2 + 14*o. Calculate b(l).
6
Let r be (-156)/(-234)*(-1 - (1 - 11)). Let l(o) = 12*o - 71. Calculate l(r).
1
Suppose 0 = -4*w, -3*t = 36*w - 35*w - 585. Let s = 189 - t. Let m(f) = f**2 + 2*f + 3. Calculate m(s).
27
Let t(b) = -b**3 - 3*b**2 - 3*b - 2. Let g(o) be the first derivative of -o**2/2 - 2*o - 33. Let l be g(-6). Let d be (1 - (-12)/l) + -7. What is t(d)?
7
Let o(v) = 3*v**3 - 18*v**2 - 18*v + 12. Suppose 0 = 147*h - 26*h - 847. Give o(h).
33
Suppose 7 - 28 = -3*s. Let k(p) = 153*p - 239*p + 8 + 151*p - 64*p. Determine k(s).
15
Let g(k) = 7*k**3 - 17*k**2 - 23*k - 13. Let x(o) = 4*o**3 - 9*o**2 - 12*o - 8. Let p(l) = 3*g(l) - 5*x(l). Give p(6).
-53
Let t(c) = -3*c + 10. Suppose -7*i - 120 = -99. Let w(v) = 3*v - 4. Let j(y) = i*w(y) - 2*t(y). Give j(-5).
7
Let v(m) = -20*m. Let w(n) = n - 4. Let f be w(6). Suppose 0 = 3*x + 3*c - 12, 5*x - 22*c - 12 = -23*c. Suppose -f*h = 6, -h - x*h - 8 = u. What is v(u)?
-20
Let c(a) = a**2 + 7. Suppose -s + 3 + 7 = r, 2*s - 8 = 0. Suppose 3*q + 4*q + r*q = 0. Determine c(q).
7
Let s(v) = v - 7. Let i be s(0). Let u(o) = o**2 - 3. Let p(n) = n**2 - 4*n + 11. Let x(w) = p(w) - 2*u(w). Calculate x(i).
-4
Suppose u + 2*d = -6, -10 = -3*d + 5*d. Let g(p) = 2 - 1696*p + 1692*p - u. Calculate g(-4).
14
Let x(t) = -t**3 - 10*t**2 - 7*t + 3. Let z(c) = 19*c**2 - 111*c - 1. Let d be z(7). Suppose -2*h = 15*h + d. Calculate x(h).
-15
Let x(s) = -59*s**3 + 2*s**2 + 3*s - 4. Suppose 26 = 35386*p - 35360*p. Calculate x(p).
-58
Let o(b) = -5*b - 7. Let t(w) = w - 1. Let s(g) = o(g) - 2*t(g). Let h(l) = -4*l - 3. Let p(n) = -11*h(n) + 6*s(n). Calculate p(-6).
-9
Let o(p) = p**2 + 2*p + 6. Let b(h) = h**3 - 32*h**2 - 36*h + 99. Let g be 42/56 + (-3 - (-141)/4). Let r be b(g). Calculate o(r).
6
Suppose 255*f - 2*l = 259*f + 54, -3*f - 43 = 2*l. Let p(w) = w**2 + 7*w - 46. Calculate p(f).
-2
Let z(y) = y + 47*y**2 + 1112*y**2 - 1158*y**2 + 12*y**3. Suppose -m - 5*p + 13 = m, p = 5*m + 8. Give z(m).
-12
Let u(t) = t**3 + 12*t**2 + t - 12. Suppose -14*p + 18*p + 20 = 0, 4*p = -3*i + 160. Suppose 2*n = -4*k - 24, 10*k - 12*k = 5*n + i. Give u(n).
-24
Suppose -94*c + 105*c - 88 = 0. Let q(h) = -h - c*h - 1 + 0*h + 15*h - 7*h. Give q(-5).
4
Let k = -35 - -47. Suppose -10*y + 32 = -k*y. Let v be -1 + (y - -1)/(-3). Let q(g) = g**3 - 4*g**2 - 2*g + 1. Determine q(v).
-7
Let y(p) = -p**3 - 4*p**2 + p + 9. Let f(h) = 4*h**2 + 66*h + 28. Let u be f(-16). Determine y(u).
5
Suppose -2*h - 10 = 5*i, 13*i - 12*i = -5*h + 21. Let a be 1/(-2)*(-4 + 0). Let x(d) = d**2 - 5*d + 3 - 2*d**3 + 5*d**3 - a*d**3. What is x(i)?
-25
Let v(i) = 2*i**3 + 3*i**2 - 5*i + 5. Suppose 8*c + 735 = 751. Calculate v(c).
23
Suppose -61*f - 28 = -59*f. Let q be (16/f)/((-236)/(-826)). Let b(m) = -m**3 - 3*m**2 + 5*m + 2. Calculate b(q).
-2
Let f = -1245 + 1251. Let z(g) = -3*g + 25. What is z(f)?
7
Let x(k) = 3 + 0 + 205*k - 80*k - 62*k - 60*k. Determine x(-2).
-3
Let d(k) = 5*k - 1. Let w = 81 - 67. Suppose 1 = -13*o + w. Calculate d(o).
4
Let o = -113 - -98. Let d = -12 - o. Let s(f) = -5*f**2 + 2*f + 8. Let x(z) = -14*z**2 + 6*z + 23. Let u(p) = -11*s(p) + 4*x(p). Give u(d).
1
Let o(z) = z**3 - 8*z**2 - 6*z + 75. Let t be o(8). Suppose h + t*h = 168. Let q(a) = -a**2 + 3*a - 6. Determine q(h).
-24
Let d(y) = -40*y**3 - 2*y + 3. Let u = -223 - -215. Let g(x) = -13*x**3 - x + 1. Let o(s) = u*g(s) + 3*d(s). What is o(-1)?
15
Suppose -109*d - 7 = -106*d + 11. Let m(o) = -28*o - 16. Let y(v) = -9*v - 5. Let b(k) = 5*m(k) - 16*y(k). Give b(d).
-24
Suppose 5*m = -2*v - 13, 0 = -v - 12*m + 9*m - 8. Let g(b) = -83*b**3 + 2*b**2 - 2*b + 1. What is g(v)?
-82
Let j(f) be the first derivative of -f**3/3 + 5*f**2/2 + 2*f + 163. Let d(y) = y**2 - 2*y - 4. Let x be d(4). Let t be (-448)/(-72) - x/18. What is j(t)?
-4
Let d(j) be the first derivative of j**3/3 - 11*j**2/2 + 19*j + 3278. Determine d(6).
-11
Let d be ((-2)/2)/(-5 + (-24)/(-5)). Let f(g) be the third derivative of g**4/6 - 7*g**3/6 + 3*g**2 + 549*g. Give f(d).
13
Let d = -71 + 74. Let t(k) = -d - 2 + 2 + 2*k - 1. Calculate t(-3).
-10
Let p(n) = n**3 - 9*n**2 + 8*n - 7. Let z be 7/(42/(-12)) - -236. Let h = 242 - z. Calculate p(h).
-7
Let c(k) = -k**3 - 18*k**2 - 11*k + 11. Suppose 9231 = 313*w - 856*w. What is c(w)?
-91
Suppose -54*w + 41*w = -91. Let y(j) = j**2 - 8*j. Let m(f) = 2*f**3 + f**2 - f - 1. Let v be m(-1). Let t(z) = 1. Let i(h) = v*y(h) - 4*t(h). What is i(w)?
3
Let y = -10297 + 10305. Let b(z) = -8*z + 65. Determine b(y).
1
Suppose 19 = 5*j + 3*w, 10*j = 8*j + 4*w - 8. Let y(t) = 1 + 14*t**j - 808*t + 402*t + 405*t. Calculate y(1).
14
Let m be ((-16)/(-8) - 13) + 3. Let u be m - 3 - 4 - (-30)/5. Let p(n) = -n**3 - 8*n**2 + 8*n - 12. Give p(u).
-3
Let i(a) = -2*a**3 + 5*a**2 - 2*a + 15. Suppose -503*z = -536*z + 99. What is i(z)?
0
Let a(l) = l**3 + 5*l**2 - 5*l + 4. Let p be (-7)/(28/152) - 2. Suppose -46 = q + 5*x - 5, 5*x + 225 = -5*q. Let w = q - p. Calculate a(w).
-2
Let h(z) = -3*z + 1. Suppose 8*f - 13*f + m + 27 = 0, -2*f = m - 8. Suppose -f*j - 103 + 93 = 0. What is h(j)?
7
Let y(p) = 5*p + 29. Let k(z) = 39*z**2 - 340*z - 18. Let l(m) = 10*m**2 - 85*m - 4. Let g(s) = -2*k(s) + 9*l(s). Let t be g(7). Determine y(t).
-6
Let q(x) be the second derivative of -x**5/20 - x**4/12 + x**3/3 - 3*x**2/2 - 60*x + 2. Let n be q(0). Let v(p) = -2*p - 4. Calculate v(n).
2
Suppose 0 = 162*o - 885 + 303 - 1200. Let v(i) = 2*i**2 - 22*i + 14. Determine v(o).
14
Let n(b) = 10 + 2124*b + 2129*b + 2127*b - 6389*b. Calculate n(-2).
28
Let j(f) = 5*f**3 + 11*f**2 + 11*f + 22. Let g(k) = -2*k**3 - 6*k**2 - 5*k - 12. Let d(b) = -9*g(b) - 4*j(b). Determine d(5).
25
Let s(d) be the second derivative of d + 1/6*d**3 + 1/12*d**4 - 2 - d**2. Suppose -4*a + 16 = 4*t - 0*t, 0 = -3*t + 5*a - 20. What is s(t)?
-2
Let c(t) be the first derivative of -t**2/2 + 3*t - 3. Suppose -4*f - 6 = -7*f - 3*k, 5*k = 5*f - 50. Give c(f).
-3
Let a(r) 